{"id":874,"date":"2020-11-20T14:18:24","date_gmt":"2020-11-20T14:18:24","guid":{"rendered":"https:\/\/em-tek.hu\/?page_id=874"},"modified":"2026-02-17T14:51:54","modified_gmt":"2026-02-17T12:51:54","slug":"personal","status":"publish","type":"page","link":"https:\/\/em-tek.hu\/ro\/kapcsolat\/personal\/","title":{"rendered":"Personal"},"content":{"rendered":"<p>[vc_row full_width=&#8221;stretch_row&#8221; css=&#8221;.vc_custom_1618421454064{margin-top: -70px !important;background-image: url(https:\/\/em-tek.hu\/wp-content\/uploads\/2021\/03\/4907157-scaled.jpg?id=1981) !important;background-position: center !important;background-repeat: no-repeat !important;background-size: cover !important;}&#8221;][vc_column][vc_column_text]<\/p>\n<p style=\"text-align: center;\"><span style=\"font-size: 14pt;\"><strong>Dervalics Szabolcs<\/strong> <\/span><br \/>\n<em>executiv<\/em><br \/>\n<a href=\"tel:06704577290\">+36 70\/457-7290<\/a><br \/>\n<a href=\"mailto:dero@em-tek.hu\">dero@em-tek.hu<\/a>[\/vc_column_text][vc_row_inner][vc_column_inner width=&#8221;1\/3&#8243;][vc_column_text]<\/p>\n<p style=\"text-align: center;\"><strong><span style=\"font-size: 14pt;\">P\u00e9k \u00c1gnes<\/span><\/strong><br \/>\nvanzari<br \/>\n<a href=\"tel:06704577291\">+36 70\/457-7291<\/a><br \/>\n<a href=\"mailto:agnes.pek@em-tek.hu\">agnes.pek@em-tek.hu<\/a>[\/vc_column_text][\/vc_column_inner][vc_column_inner width=&#8221;1\/3&#8243;][vc_column_text]<\/p>\n<p style=\"text-align: center;\"><strong><span style=\"font-size: 14pt;\">Horv\u00e1th Zsolt<\/span><\/strong><br \/>\n<em>manager de birou<\/em><br \/>\n<a href=\"tel:06703354178\">+36 70\/335-4178<\/a><br \/>\n<a href=\"mailto:zsolt.horvath@em-tek.hu\">zsolt.horvath@em-tek.hu<\/a>[\/vc_column_text][\/vc_column_inner][vc_column_inner width=&#8221;1\/3&#8243;][vc_column_text]<\/p>\n<p style=\"text-align: center;\"><strong><span style=\"font-size: 14pt;\">Remport \u00c1d\u00e1m<\/span><\/strong><br \/>\n<em>manager de vanzari<\/em><br \/>\n<a href=\"tel:0036300724638\">+36 30 072 4638<\/a><br \/>\n<a href=\"mailto:adam.remport@em-tek.hu\">adam.remport@em-tek.hu<\/a>[\/vc_column_text][\/vc_column_inner][\/vc_row_inner][vc_row_inner][vc_column_inner width=&#8221;1\/3&#8243;][vc_column_text]<\/p>\n<p style=\"text-align: center;\"><strong><span style=\"font-size: 14pt;\">P\u00e9kn\u00e9 Ferenczi Nat\u00e1lia<\/span><\/strong><br \/>\n<em>vanzator, manager de produc\u021bie<\/em><br \/>\n<a href=\"tel:06706030745\">+36 70\/603-0745<\/a><br \/>\n<a href=\"mailto:natalia.ferenczi@em-tek.hu\">natalia.ferenczi@em-tek.hu<\/a>[\/vc_column_text][\/vc_column_inner][vc_column_inner width=&#8221;1\/3&#8243;][vc_column_text]<\/p>\n<p style=\"text-align: center;\"><strong><span style=\"font-size: 14pt;\">T\u00f3th Adrienn<\/span><\/strong><br \/>\n<em>ofiter financiar<\/em><br \/>\n<a href=\"tel:06704577297\">+36 70\/457-7297<\/a><br \/>\n<a href=\"mailto:adrienn.toth@em-tek.hu\">adrienn.toth@em-tek.hu<\/a>[\/vc_column_text][\/vc_column_inner][vc_column_inner width=&#8221;1\/3&#8243;][vc_column_text]<\/p>\n<p style=\"text-align: center;\"><strong><span style=\"font-size: 14pt;\">Tornyos Kriszti\u00e1n<\/span><\/strong><br \/>\n<em>vanzari, consultanta tehnica<\/em><br \/>\n<a href=\"tel:06303968842\">+36 30\/396-8842<\/a><br \/>\n<a href=\"mailto:krisztian.tornyos@em-tek.hu\">krisztian.tornyos@em-tek.hu<\/a>[\/vc_column_text][\/vc_column_inner][\/vc_row_inner][vc_row_inner][vc_column_inner width=&#8221;1\/3&#8243;][vc_column_text]<\/p>\n<p style=\"text-align: center;\"><strong><span style=\"font-size: 14pt;\">Fenyvesi L\u00e1szl\u00f3<\/span><\/strong><br \/>\n<em>vanzari, consultanta tehnica<\/em><br \/>\n<a href=\"tel:06302268029\">+36 30\/226-8029<\/a><br \/>\n<a href=\"mailto:laszlo.fenyvesi@em-tek.hu\">laszlo.fenyvesi@em-tek.hu<\/a>[\/vc_column_text][\/vc_column_inner][vc_column_inner width=&#8221;1\/3&#8243;][vc_column_text]<\/p>\n<p style=\"text-align: center;\"><strong><span style=\"font-size: 14pt;\">Bal\u00e1zs Szab\u00f3<\/span><\/strong><br \/>\n<em>vanzari, consultanta tehnica<\/em><br \/>\n<a href=\"tel:0036704195079\">+36-70\/419-5079<\/a><br \/>\n<a href=\"mailto:balazs.szabo@em-tek.hu\">balazs.szabo@em-tek.hu<\/a>[\/vc_column_text][\/vc_column_inner][vc_column_inner width=&#8221;1\/3&#8243;][vc_column_text]<\/p>\n<p style=\"text-align: center;\"><strong><span style=\"font-size: 14pt;\">Gergely Lavinia<\/span><\/strong><br \/>\n<em>vanzari<\/em><br \/>\n<a href=\"tel:+36306615227\">+36-30\/661-5227<\/a><br \/>\n<a href=\"mailto:lavinia.gergely@em-tek.hu\">lavinia.gergely@em-tek.hu<\/a><\/p>\n<p>[\/vc_column_text][\/vc_column_inner][\/vc_row_inner][\/vc_column][\/vc_row]<\/p>\n","protected":false},"excerpt":{"rendered":"<p>[vc_row full_width=&#8221;stretch_row&#8221; css=&#8221;.vc_custom_1618421454064{margin-top: -70px !important;background-image: url(https:\/\/em-tek.hu\/wp-content\/uploads\/2021\/03\/4907157-scaled.jpg?id=1981) !important;background-position: center !important;background-repeat: no-repeat !important;background-size: cover !important;}&#8221;][vc_column][vc_column_text] Dervalics Szabolcs executiv +36 70\/457-7290 dero@em-tek.hu[\/vc_column_text][vc_row_inner][vc_column_inner width=&#8221;1\/3&#8243;][vc_column_text] P\u00e9k \u00c1gnes vanzari +36 70\/457-7291 agnes.pek@em-tek.hu[\/vc_column_text][\/vc_column_inner][vc_column_inner width=&#8221;1\/3&#8243;][vc_column_text] Horv\u00e1th Zsolt manager de birou +36 70\/335-4178 zsolt.horvath@em-tek.hu[\/vc_column_text][\/vc_column_inner][vc_column_inner width=&#8221;1\/3&#8243;][vc_column_text] Remport \u00c1d\u00e1m manager de vanzari +36 30 072 4638 adam.remport@em-tek.hu[\/vc_column_text][\/vc_column_inner][\/vc_row_inner][vc_row_inner][vc_column_inner width=&#8221;1\/3&#8243;][vc_column_text] P\u00e9kn\u00e9 Ferenczi Nat\u00e1lia vanzator, manager de produc\u021bie +36 [&hellip;]<\/p>\n","protected":false},"author":1,"featured_media":0,"parent":2807,"menu_order":0,"comment_status":"closed","ping_status":"closed","template":"","meta":{"_acf_changed":false,"footnotes":""},"class_list":["post-874","page","type-page","status-publish","hentry"],"acf":[],"_links":{"self":[{"href":"https:\/\/em-tek.hu\/ro\/wp-json\/wp\/v2\/pages\/874","targetHints":{"allow":["GET"]}}],"collection":[{"href":"https:\/\/em-tek.hu\/ro\/wp-json\/wp\/v2\/pages"}],"about":[{"href":"https:\/\/em-tek.hu\/ro\/wp-json\/wp\/v2\/types\/page"}],"author":[{"embeddable":true,"href":"https:\/\/em-tek.hu\/ro\/wp-json\/wp\/v2\/users\/1"}],"replies":[{"embeddable":true,"href":"https:\/\/em-tek.hu\/ro\/wp-json\/wp\/v2\/comments?post=874"}],"version-history":[{"count":13,"href":"https:\/\/em-tek.hu\/ro\/wp-json\/wp\/v2\/pages\/874\/revisions"}],"predecessor-version":[{"id":2912,"href":"https:\/\/em-tek.hu\/ro\/wp-json\/wp\/v2\/pages\/874\/revisions\/2912"}],"up":[{"embeddable":true,"href":"https:\/\/em-tek.hu\/ro\/wp-json\/wp\/v2\/pages\/2807"}],"wp:attachment":[{"href":"https:\/\/em-tek.hu\/ro\/wp-json\/wp\/v2\/media?parent=874"}],"curies":[{"name":"wp","href":"https:\/\/api.w.org\/{rel}","templated":true}]}}

<p>[vc_row full_width=&#8221;stretch_row&#8221; css=&#8221;.vc_custom_1618421454064{margin-top: -70px !important;background-image: url(https://em-tek.hu/wp-content/uploads/2021/03/4907157-scaled.jpg?id=1981) !important;background-position: center !important;background-repeat: no-repeat !important;background-size: cover !important;}&#8221;][vc_column][vc_column_text]</p>
<p style="text-align: center;"><span style="font-size: 14pt;"><strong>Dervalics Szabolcs</strong> </span><br />
<em>executiv</em><br />
<a href="tel:06704577290">+36 70/457-7290</a><br />
<a href="mailto:dero@em-tek.hu">dero@em-tek.hu</a>[/vc_column_text][vc_row_inner][vc_column_inner width=&#8221;1/3&#8243;][vc_column_text]</p>
<p style="text-align: center;"><strong><span style="font-size: 14pt;">Pék Ágnes</span></strong><br />
vanzari<br />
<a href="tel:06704577291">+36 70/457-7291</a><br />
<a href="mailto:agnes.pek@em-tek.hu">agnes.pek@em-tek.hu</a>[/vc_column_text][/vc_column_inner][vc_column_inner width=&#8221;1/3&#8243;][vc_column_text]</p>
<p style="text-align: center;"><strong><span style="font-size: 14pt;">Horváth Zsolt</span></strong><br />
<em>manager de birou</em><br />
<a href="tel:06703354178">+36 70/335-4178</a><br />
<a href="mailto:zsolt.horvath@em-tek.hu">zsolt.horvath@em-tek.hu</a>[/vc_column_text][/vc_column_inner][vc_column_inner width=&#8221;1/3&#8243;][vc_column_text]</p>
<p style="text-align: center;"><strong><span style="font-size: 14pt;">Remport Ádám</span></strong><br />
<em>manager de vanzari</em><br />
<a href="tel:0036300724638">+36 30 072 4638</a><br />
<a href="mailto:adam.remport@em-tek.hu">adam.remport@em-tek.hu</a>[/vc_column_text][/vc_column_inner][/vc_row_inner][vc_row_inner][vc_column_inner width=&#8221;1/3&#8243;][vc_column_text]</p>
<p style="text-align: center;"><strong><span style="font-size: 14pt;">Pékné Ferenczi Natália</span></strong><br />
<em>vanzator, manager de producție</em><br />
<a href="tel:06706030745">+36 70/603-0745</a><br />
<a href="mailto:natalia.ferenczi@em-tek.hu">natalia.ferenczi@em-tek.hu</a>[/vc_column_text][/vc_column_inner][vc_column_inner width=&#8221;1/3&#8243;][vc_column_text]</p>
<p style="text-align: center;"><strong><span style="font-size: 14pt;">Tóth Adrienn</span></strong><br />
<em>ofiter financiar</em><br />
<a href="tel:06704577297">+36 70/457-7297</a><br />
<a href="mailto:adrienn.toth@em-tek.hu">adrienn.toth@em-tek.hu</a>[/vc_column_text][/vc_column_inner][vc_column_inner width=&#8221;1/3&#8243;][vc_column_text]</p>
<p style="text-align: center;"><strong><span style="font-size: 14pt;">Tornyos Krisztián</span></strong><br />
<em>vanzari, consultanta tehnica</em><br />
<a href="tel:06303968842">+36 30/396-8842</a><br />
<a href="mailto:krisztian.tornyos@em-tek.hu">krisztian.tornyos@em-tek.hu</a>[/vc_column_text][/vc_column_inner][/vc_row_inner][vc_row_inner][vc_column_inner width=&#8221;1/3&#8243;][vc_column_text]</p>
<p style="text-align: center;"><strong><span style="font-size: 14pt;">Fenyvesi László</span></strong><br />
<em>vanzari, consultanta tehnica</em><br />
<a href="tel:06302268029">+36 30/226-8029</a><br />
<a href="mailto:laszlo.fenyvesi@em-tek.hu">laszlo.fenyvesi@em-tek.hu</a>[/vc_column_text][/vc_column_inner][vc_column_inner width=&#8221;1/3&#8243;][vc_column_text]</p>
<p style="text-align: center;"><strong><span style="font-size: 14pt;">Balázs Szabó</span></strong><br />
<em>vanzari, consultanta tehnica</em><br />
<a href="tel:0036704195079">+36-70/419-5079</a><br />
<a href="mailto:balazs.szabo@em-tek.hu">balazs.szabo@em-tek.hu</a>[/vc_column_text][/vc_column_inner][vc_column_inner width=&#8221;1/3&#8243;][vc_column_text]</p>
<p style="text-align: center;"><strong><span style="font-size: 14pt;">Gergely Lavinia</span></strong><br />
<em>vanzari</em><br />
<a href="tel:+36306615227">+36-30/661-5227</a><br />
<a href="mailto:lavinia.gergely@em-tek.hu">lavinia.gergely@em-tek.hu</a></p>
<p>[/vc_column_text][/vc_column_inner][/vc_row_inner][/vc_column][/vc_row]</p>

<p>[vc_row full_width=&#8221;stretch_row&#8221; css=&#8221;.vc_custom_1618421454064{margin-top: -70px !important;background-image: url(https://em-tek.hu/wp-content/uploads/2021/03/4907157-scaled.jpg?id=1981) !important;background-position: center !important;background-repeat: no-repeat !important;background-size: cover !important;}&#8221;][vc_column][vc_column_text] Dervalics Szabolcs executiv +36 70/457-7290 dero@em-tek.hu[/vc_column_text][vc_row_inner][vc_column_inner width=&#8221;1/3&#8243;][vc_column_text] Pék Ágnes vanzari +36 70/457-7291 agnes.pek@em-tek.hu[/vc_column_text][/vc_column_inner][vc_column_inner width=&#8221;1/3&#8243;][vc_column_text] Horváth Zsolt manager de birou +36 70/335-4178 zsolt.horvath@em-tek.hu[/vc_column_text][/vc_column_inner][vc_column_inner width=&#8221;1/3&#8243;][vc_column_text] Remport Ádám manager de vanzari +36 30 072 4638 adam.remport@em-tek.hu[/vc_column_text][/vc_column_inner][/vc_row_inner][vc_row_inner][vc_column_inner width=&#8221;1/3&#8243;][vc_column_text] Pékné Ferenczi Natália vanzator, manager de producție +36 [&hellip;]</p>
